he prime factors of t(0)?
2, 5
Let r(u) be the first derivative of -3*u**4/4 + 2*u**3/3 - 3*u**2/2 + 2*u + 6. Let z be r(2). Let c = -4 - z. What are the prime factors of c?
2
Suppose 2*f - 1708 = 4*i, -4*f + 7*i - 3*i + 3420 = 0. What are the prime factors of f?
2, 107
Let y(a) = 21*a**3 - 4*a**2 + 6*a - 2. Let s be y(-7). What are the prime factors of s/(-135) + (-2)/15?
5, 11
Suppose -5*p + 4*r + 919 = 2*r, -364 = -2*p - r. Let n = -103 + p. List the prime factors of n.
2, 5
Suppose -15*z + 4*l = -12*z - 2426, -3*l = 4*z - 3243. List the prime factors of z.
2, 3, 5
Suppose 7*t = 84*t - 241472. List the prime factors of t.
2, 7
Suppose 4408 = -3*h - 2*z + 12890, -8467 = -3*h + z. What are the prime factors of h?
2, 353
Let w = -1 - -1. Suppose f + 312 = 2*t + 96, f = w. What are the prime factors of 1/2 - t/(-8)?
2, 7
Suppose 17 = 3*v - 5*m, -m + 18 + 11 = 3*v. Suppose 5*g = 11 + v, 8 = l + 2*g. What are the prime factors of -3 - -31 - (l + -3)?
31
Let u(x) = -x + 10. Let c be u(7). Let y be 1 - 0 - (-70)/2. Suppose 0 = r - c*r + y. What are the prime factors of r?
2, 3
Let j(g) = 46*g**2 - 13*g - 32. List the prime factors of j(-7).
3, 257
Let t = 435 - 85. List the prime factors of t.
2, 5, 7
Let v(l) be the third derivative of -l**5/60 - 11*l**4/24 + 2*l**3/3 - 7*l**2. Suppose 4*t - 4 + 36 = 0. List the prime factors of v(t).
2, 7
Suppose 4*r - 235 + 803 = 0. Let h = -76 - r. What are the prime factors of h?
2, 3, 11
Suppose 5*b - 35 = 5*w, 3*w - 4 = -4*b + 17. Suppose -5*f + b*f - 83 = 0. What are the prime factors of f?
83
Suppose 2*z + c + c + 6 = 0, 18 = -4*z - 2*c. Let p be (4 + 1)*(-5 - z). Suppose 3*q - 59 = -p. What are the prime factors of q?
2, 3
Suppose 3*z - 9301 + 3562 = 3*m, 3*m + 5753 = -4*z. Let d = m + 830. List the prime factors of d/(-15) - (-2)/3.
73
Suppose 2 = 3*a - 4. Suppose -2*z = -4*n - 38, 3*n - 2*n + 5*z + 15 = 0. What are the prime factors of (-7 + a)/(2/n)?
5
Let x(w) = -w**3 + 19*w**2 - 18*w + 21. Let f be (54/(-45))/((-4)/30). Let s = f - -9. What are the prime factors of x(s)?
3, 7
Suppose -3*z - 3*z + 696 = 0. Suppose -5*p - z = -g, -198 = -4*g + p + 247. List the prime factors of g.
3, 37
Let i be (-116)/(-14) + 38/(-133). Suppose 2*a + 18 = -i. Let p = 20 + a. What are the prime factors of p?
7
Suppose 2329 = 19*l - 7893. List the prime factors of l.
2, 269
Suppose 0 = 5*k - 2*m + 3*m - 1277, -5*m + 1285 = 5*k. Suppose -7*f + 263 = -k. What are the prime factors of f?
2, 37
Suppose 0 = 5*h - 3*p + 667 - 3783, -2*p - 1244 = -2*h. What are the prime factors of h?
5
Let d be -2*(2/(-2) + -3). Suppose 0 = -d*g + 3*g. Suppose -2*t = 5*h - 30, 4*t + t - 2*h - 104 = g. What are the prime factors of t?
2, 5
Let w(y) = 4*y**2 - 2*y + 3. Let d be w(5). Suppose 3*p = 5*m - 165, 3*m + d = 6*m - 3*p. Let a = m + -21. List the prime factors of a.
3, 5
Suppose 993 = 4*m - m + 2*j, 5*j = 15. What are the prime factors of m?
7, 47
Let a(w) = -w**2 - 6*w + 12. Let y be a(-5). Suppose 0 = -5*r + y + 3. What are the prime factors of (-240)/(-45) - r/(-6)?
2, 3
Suppose 4*r - 5*i - 21 = 2*r, 2*r = -i + 3. Suppose 5*g - 5 = -4*f + 55, 3*g + r*f = 39. What are the prime factors of g?
2
Suppose -208 = l - 2*g - 1204, -l - g = -981. What are the prime factors of l?
2, 17, 29
Let m(h) = -h + 14. Let c be m(8). Let p be 4/5*15/c. Suppose 2*j + 3*v = -0*j - 4, -4*j - p*v = -8. List the prime factors of j.
2
Let x(d) = -d - 10. Let n(k) = -4*k - 31. Let g(y) = 2*n(y) - 7*x(y). Let p be (25/(-25))/(-3*3/(-81)). What are the prime factors of g(p)?
17
Let m be (-9)/3 - (9 - 7). Let u be 8*(7 + 4 + m). Suppose 2*d = 52 + u. List the prime factors of d.
2, 5
Suppose -f - 2 = -3. List the prime factors of (140 - f) + -1*2.
137
Suppose -85 = -2*t + 3*u, -t - 4*u + 62 = u. What are the prime factors of t?
47
Let h be 3*305/(-105) + (-4)/14. List the prime factors of (-2)/h + 10365/135.
7, 11
Let n = -2157 + 3806. What are the prime factors of n?
17, 97
List the prime factors of 8166/6*2 + 9.
2731
What are the prime factors of -1*4/20 - (-4346)/5?
11, 79
Suppose 3*g - 16 = -4. Suppose 12 = -g*c - 0*c. List the prime factors of (-42)/((-2)/c*-3).
3, 7
What are the prime factors of (17 - 12)*(-1564)/(-10)?
2, 17, 23
Suppose 1639 = -17*q + 18*q. List the prime factors of q.
11, 149
Let f be (-190)/14 - 33/77. Let r = f - -14. Suppose -2*s + 82 = -r*s. List the prime factors of s.
41
Suppose 0*x = -3*x + 1053. List the prime factors of x.
3, 13
Let y(i) = i**2 + 17*i - 2. List the prime factors of y(-18).
2
What are the prime factors of (-20)/(-16) + (11436/16 - -4)?
2, 3, 5
Let d(h) = -h**3 + 11*h**2 - 9*h - 9. Let u be d(10). Let f be (-1 - -240) + u + -4. What are the prime factors of (-4)/(-10) + f/10?
2, 3
Let s be 4/2 - (-1 + 1). Suppose 29 = 5*o + s*h, 4*h = -2*o + 6*h + 6. Suppose w - 16 + o = 0. List the prime factors of w.
11
Let f be (-6)/(1/(-18)*3). Suppose r - 2 = -5*m, r - 4*r - m = f. List the prime factors of (2/4)/(r/(-78)).
3
Suppose 2*n = 5*n - 24. Suppose n*f + 2 = 9*f. Suppose f*h - 4*h = -18. List the prime factors of h.
3
Suppose 0 = 4*o - 5*n - 52 - 8, 75 = 5*o + 4*n. Let c be 3 - -15*(-2 + o). Suppose 4*d + 30 = c. What are the prime factors of d?
2, 3, 7
Let l be -3 - (62/(-10) + (-3)/(-15)). Suppose l*z - x - 469 = 0, z - 173 = -0*x - 3*x. What are the prime factors of z?
2, 79
Let y(d) be the first derivative of -d**4/4 - 7*d**3/3 + 5*d**2/2 - 6*d - 189. Let a = -8 + 0. List the prime factors of y(a).
2, 3
Suppose -11990 = -5*h - 5*i, 7*h - 9*h = -5*i - 4824. What are the prime factors of h?
2, 1201
Let c = 678 + -142. What are the prime factors of c?
2, 67
Suppose -2*q + 1022 = 4*w, -1576 = -3*q + 3*w - 61. What are the prime factors of q?
3, 13
Let k(y) = -y + 1. Suppose 0 = -5*x + 1 - 6. Let u be k(x). List the prime factors of (-207)/(-18)*u/1.
23
Suppose 11*n - 4125 = 1661. What are the prime factors of n?
2, 263
Let p be 5/((-25)/(-5)) + -2. List the prime factors of (1*p)/(20/(-1640)).
2, 41
Let q(i) = i**2 - 14*i + 27. Let l be q(12). Suppose -l*y + 36 + 103 = 5*k, -5*y + 5*k + 285 = 0. List the prime factors of y.
53
Let c = -2 + 6. Let t = c - 0. Suppose 0 = -3*r + t*r - 2. List the prime factors of r.
2
Let o(j) = j**3 + 11*j**2 - 2*j - 2. Let y be o(-10). Suppose -11 - 7 = 2*p. What are the prime factors of 6/p + y/6?
19
Suppose -v - 5 = -2*v. Suppose 6*j - j + v*p - 260 = 0, j + 2*p = 52. What are the prime factors of j?
2, 13
Suppose -2*b + 3*r = -147, -b + 7*r + 81 = 3*r. Suppose -7*p + 1 + b = 0. What are the prime factors of p?
2, 5
Let f = -302 + 956. What are the prime factors of f?
2, 3, 109
Let r(t) = t**2 + t. Let y(b) = -5*b**2 - 4*b + 18. Let n(k) = -4*r(k) - y(k). Let o be n(-6). Let a = 80 - o. List the prime factors of a.
2, 31
Suppose 7*b = 6*b + 5. Suppose b*u - 5*p = -120, -3*p - 2*p + 70 = -3*u. Let x = u - -71. List the prime factors of x.
2, 23
Let n(b) = b + 6. Let t(f) be the first derivative of f**2 + 7*f - 1. Let w(j) = 5*n(j) - 4*t(j). List the prime factors of w(-5).
17
Let b = -212 + 860. What are the prime factors of b?
2, 3
Let y = -2442 - -3485. List the prime factors of y.
7, 149
Let q be 73/((3/(-15))/((-2)/(-5))). Let m = q + 154. What are the prime factors of m?
2
Suppose -5*a = -o - 31, 4*a = -3*o - a - 53. Suppose -2*q = -3*q + 5, -2*s = 5*q - 109. Let j = s + o. List the prime factors of j.
3, 7
Let l(m) = m**2 - 2*m - 5. Let n be l(9). Let s = -30 + n. Let h = s + -17. List the prime factors of h.
11
Let r = 1194 + -590. List the prime factors of r.
2, 151
Let s = -23 + 25. Suppose l + s*q - 35 = 0, -5*l = -5*q - 43 - 147. What are the prime factors of l?
37
Suppose -f = 3*d - 332, 3*d - 352 = f - 6*f. List the prime factors of d.
109
List the prime factors of ((-1020)/(-714))/(1/133).
2, 5, 19
Let r(i) = i**2 - 13*i + 82. What are the prime factors of r(-14)?
2, 5, 23
Let j be -2 - 0/(-4) - 182. Let s be 1/2*2*-30. What are the prime factors of j/s - 4/30?
2, 3
Suppose q = -3*q + 5*f + 11, -q + 7 = 3*f. Suppose -q*n = o - 0*o - 32, -3 = -3*n. What are the prime factors of o?
2, 7
List the prime factors of 3 + 3 - (4 + -153).
5, 31
Suppose 3*q = -0*q - 4*b - 142, -2*q - 2*b = 92. Let y be (q/(-35))/(2/20). Let r = y - 1. List the prime factors of r.
11
Let t be 